{"id":6851,"date":"2024-09-25T10:20:22","date_gmt":"2024-09-25T10:20:22","guid":{"rendered":"https:\/\/larenspartner.ro\/product\/revital-men-face-cream-gel-revitalizalo-krem-ferfi-borapolasra\/"},"modified":"2024-09-25T10:20:23","modified_gmt":"2024-09-25T10:20:23","slug":"revital-men-face-cream-gel-revitalizalo-krem-ferfi-borapolasra","status":"publish","type":"product","link":"https:\/\/garofitakozmetika.hu\/en\/product\/revital-men-face-cream-gel-revitalizalo-krem-ferfi-borapolasra\/","title":{"rendered":"Revital Men Face Cream Gel &#8211; Revitaliz\u00e1l\u00f3 kr\u00e9m f\u00e9rfi b\u0151r\u00e1pol\u00e1sra"},"content":{"rendered":"","protected":false},"excerpt":{"rendered":"<div class=\"details__short pbn ptxs spts mv0\">\n<p class=\"MsoNormal\" style=\"margin-bottom:0cm;margin-bottom:.0001pt;line-height:normal;mso-layout-grid-align:;text-autospace:\">K\u00f6nny\u0171 kr\u00e9m-g\u00e9l, amelyet a f\u00e9rfiak b\u0151r\u00e9re terveztek, k\u00fcl\u00f6n\u00f6sen a feszess\u00e9ghi\u00e1nyos \u00e9s f\u00e1radt b\u0151rre. Revitaliz\u00e1l, hidrat\u00e1l \u00e9s nyugtat.<o:p><\/o:p><\/p>","protected":false},"featured_media":6425,"comment_status":"open","ping_status":"closed","template":"","meta":[],"pwb-brand":[152],"product_brand":[],"product_cat":[148],"product_tag":[150,151,149],"class_list":{"0":"post-6851","1":"product","2":"type-product","3":"status-publish","4":"has-post-thumbnail","6":"pwb-brand-larens","7":"product_cat-kremek","8":"product_tag-arcapolas","9":"product_tag-kremek","10":"product_tag-larens-kozmeceutikumok","13":"instock","14":"shipping-taxable","15":"purchasable","16":"product-type-simple","17":"product-grid-view"},"brands":[{"id":152,"name":"Larens","slug":"larens"}],"_links":{"self":[{"href":"https:\/\/garofitakozmetika.hu\/en\/wp-json\/wp\/v2\/product\/6851","targetHints":{"allow":["GET"]}}],"collection":[{"href":"https:\/\/garofitakozmetika.hu\/en\/wp-json\/wp\/v2\/product"}],"about":[{"href":"https:\/\/garofitakozmetika.hu\/en\/wp-json\/wp\/v2\/types\/product"}],"replies":[{"embeddable":true,"href":"https:\/\/garofitakozmetika.hu\/en\/wp-json\/wp\/v2\/comments?post=6851"}],"version-history":[{"count":0,"href":"https:\/\/garofitakozmetika.hu\/en\/wp-json\/wp\/v2\/product\/6851\/revisions"}],"wp:featuredmedia":[{"embeddable":true,"href":"https:\/\/garofitakozmetika.hu\/en\/wp-json\/wp\/v2\/media\/6425"}],"wp:attachment":[{"href":"https:\/\/garofitakozmetika.hu\/en\/wp-json\/wp\/v2\/media?parent=6851"}],"wp:term":[{"taxonomy":"pwb-brand","embeddable":true,"href":"https:\/\/garofitakozmetika.hu\/en\/wp-json\/wp\/v2\/pwb-brand?post=6851"},{"taxonomy":"product_brand","embeddable":true,"href":"https:\/\/garofitakozmetika.hu\/en\/wp-json\/wp\/v2\/product_brand?post=6851"},{"taxonomy":"product_cat","embeddable":true,"href":"https:\/\/garofitakozmetika.hu\/en\/wp-json\/wp\/v2\/product_cat?post=6851"},{"taxonomy":"product_tag","embeddable":true,"href":"https:\/\/garofitakozmetika.hu\/en\/wp-json\/wp\/v2\/product_tag?post=6851"}],"curies":[{"name":"wp","href":"https:\/\/api.w.org\/{rel}","templated":true}]}}

Revital Men Face Cream Gel &#8211; Revitalizáló krém férfi bőrápolásra

<div class="details__short pbn ptxs spts mv0">
<p class="MsoNormal" style="margin-bottom:0cm;margin-bottom:.0001pt;line-height:normal;mso-layout-grid-align:;text-autospace:">Könnyű krém-gél, amelyet a férfiak bőrére terveztek, különösen a feszességhiányos és fáradt bőrre. Revitalizál, hidratál és nyugtat.<o:p></o:p></p>
