{"id":6887,"date":"2024-09-25T10:22:57","date_gmt":"2024-09-25T10:22:57","guid":{"rendered":"https:\/\/larenspartner.ro\/product\/larens-colour-double-effect-mascara-apolo-szempillaspiral-dupla-kefevel-a-dupla-hatasert\/"},"modified":"2024-09-25T10:22:58","modified_gmt":"2024-09-25T10:22:58","slug":"larens-colour-double-effect-mascara-apolo-szempillaspiral-dupla-kefevel-a-dupla-hatasert","status":"publish","type":"product","link":"https:\/\/garofitakozmetika.hu\/en\/product\/larens-colour-double-effect-mascara-apolo-szempillaspiral-dupla-kefevel-a-dupla-hatasert\/","title":{"rendered":"Larens Colour Double Effect Mascara &#8211; \u00c1pol\u00f3 szempillaspir\u00e1l dupla kef\u00e9vel a dupla hat\u00e1s\u00e9rt"},"content":{"rendered":"","protected":false},"excerpt":{"rendered":"<div class=\"details__short pbn ptxs spts mv0\">\n<p>\u00c1pol\u00f3 szempillaspir\u00e1l kett\u0151s kef\u00e9vel a kett\u0151s hat\u00e1s\u00e9rt. S\u0171r\u00edti \u00e9s d\u00fas\u00edtja, illetve hosszabb\u00edtja \u00e9s g\u00f6nd\u00f6r\u00edti a szempill\u00e1kat a cs\u00e1b\u00edt\u00f3, m\u00e9gis term\u00e9szetes hat\u00e1s\u00fa megjelen\u00e9s\u00e9rt. A halkollag\u00e9n peptidek hozz\u00e1ad\u00e1sa er\u0151s\u00edti a szempill\u00e1kat, serkenti n\u00f6veked\u00e9s\u00fcket \u00e9s jav\u00edtja min\u0151s\u00e9g\u00fcket. A n\u00f6v\u00e9nyi Carnauba- \u00e9s rizsviaszok rugalmass\u00e1got \u00e9s simas\u00e1got k\u00f6lcs\u00f6n\u00f6znek a szempill\u00e1knak.<\/p>","protected":false},"featured_media":6566,"comment_status":"open","ping_status":"closed","template":"","meta":[],"pwb-brand":[191],"product_brand":[],"product_cat":[188],"product_tag":[189,190],"class_list":{"0":"post-6887","1":"product","2":"type-product","3":"status-publish","4":"has-post-thumbnail","6":"pwb-brand-larens-colour","7":"product_cat-smink-kozmetikumok-make-up-larens-colour","8":"product_tag-make-up-larens-colour","9":"product_tag-smink-kozmetikumok","12":"instock","13":"shipping-taxable","14":"purchasable","15":"product-type-simple","16":"product-grid-view"},"brands":[{"id":191,"name":"Larens Colour","slug":"larens-colour"}],"_links":{"self":[{"href":"https:\/\/garofitakozmetika.hu\/en\/wp-json\/wp\/v2\/product\/6887","targetHints":{"allow":["GET"]}}],"collection":[{"href":"https:\/\/garofitakozmetika.hu\/en\/wp-json\/wp\/v2\/product"}],"about":[{"href":"https:\/\/garofitakozmetika.hu\/en\/wp-json\/wp\/v2\/types\/product"}],"replies":[{"embeddable":true,"href":"https:\/\/garofitakozmetika.hu\/en\/wp-json\/wp\/v2\/comments?post=6887"}],"version-history":[{"count":0,"href":"https:\/\/garofitakozmetika.hu\/en\/wp-json\/wp\/v2\/product\/6887\/revisions"}],"wp:featuredmedia":[{"embeddable":true,"href":"https:\/\/garofitakozmetika.hu\/en\/wp-json\/wp\/v2\/media\/6566"}],"wp:attachment":[{"href":"https:\/\/garofitakozmetika.hu\/en\/wp-json\/wp\/v2\/media?parent=6887"}],"wp:term":[{"taxonomy":"pwb-brand","embeddable":true,"href":"https:\/\/garofitakozmetika.hu\/en\/wp-json\/wp\/v2\/pwb-brand?post=6887"},{"taxonomy":"product_brand","embeddable":true,"href":"https:\/\/garofitakozmetika.hu\/en\/wp-json\/wp\/v2\/product_brand?post=6887"},{"taxonomy":"product_cat","embeddable":true,"href":"https:\/\/garofitakozmetika.hu\/en\/wp-json\/wp\/v2\/product_cat?post=6887"},{"taxonomy":"product_tag","embeddable":true,"href":"https:\/\/garofitakozmetika.hu\/en\/wp-json\/wp\/v2\/product_tag?post=6887"}],"curies":[{"name":"wp","href":"https:\/\/api.w.org\/{rel}","templated":true}]}}

Larens Colour Double Effect Mascara &#8211; Ápoló szempillaspirál dupla kefével a dupla hatásért

<div class="details__short pbn ptxs spts mv0">
<p>Ápoló szempillaspirál kettős kefével a kettős hatásért. Sűríti és dúsítja, illetve hosszabbítja és göndöríti a szempillákat a csábító, mégis természetes hatású megjelenésért. A halkollagén peptidek hozzáadása erősíti a szempillákat, serkenti növekedésüket és javítja minőségüket. A növényi Carnauba- és rizsviaszok rugalmasságot és simaságot kölcsönöznek a szempilláknak.</p>
