{"id":6846,"date":"2024-09-25T10:20:11","date_gmt":"2024-09-25T10:20:11","guid":{"rendered":"https:\/\/larenspartner.ro\/product\/lifting-face-cream-intenziv-feszesito-krem-arcra-nyakra-dekoltazsra\/"},"modified":"2024-09-25T10:20:12","modified_gmt":"2024-09-25T10:20:12","slug":"lifting-face-cream-intenziv-feszesito-krem-arcra-nyakra-dekoltazsra","status":"publish","type":"product","link":"https:\/\/garofitakozmetika.hu\/ro\/product\/lifting-face-cream-intenziv-feszesito-krem-arcra-nyakra-dekoltazsra\/","title":{"rendered":"Lifting Face Cream &#8211; Intenz\u00edv feszes\u00edt\u0151 kr\u00e9m arcra, nyakra, dekolt\u00e1zsra"},"content":{"rendered":"","protected":false},"excerpt":{"rendered":"<div class=\"details__short pbn ptxs spts mv0\">\n<div>Exkluz\u00edv intenz\u00edv lifting kr\u00e9m \u00e9rett b\u0151rre. Megfesz\u00edti, megemeli az arc ov\u00e1lis r\u00e9sz\u00e9t, kisim\u00edtja \u00e9s hidrat\u00e1lja a b\u0151rt.<\/div>\n<div><\/div>","protected":false},"featured_media":6398,"comment_status":"open","ping_status":"closed","template":"","meta":[],"pwb-brand":[152],"product_brand":[],"product_cat":[148],"product_tag":[150,151,149],"class_list":{"0":"post-6846","1":"product","2":"type-product","3":"status-publish","4":"has-post-thumbnail","6":"pwb-brand-larens","7":"product_cat-kremek","8":"product_tag-arcapolas","9":"product_tag-kremek","10":"product_tag-larens-kozmeceutikumok","13":"instock","14":"shipping-taxable","15":"purchasable","16":"product-type-simple","17":"product-grid-view"},"brands":[{"id":152,"name":"Larens","slug":"larens"}],"_links":{"self":[{"href":"https:\/\/garofitakozmetika.hu\/ro\/wp-json\/wp\/v2\/product\/6846","targetHints":{"allow":["GET"]}}],"collection":[{"href":"https:\/\/garofitakozmetika.hu\/ro\/wp-json\/wp\/v2\/product"}],"about":[{"href":"https:\/\/garofitakozmetika.hu\/ro\/wp-json\/wp\/v2\/types\/product"}],"replies":[{"embeddable":true,"href":"https:\/\/garofitakozmetika.hu\/ro\/wp-json\/wp\/v2\/comments?post=6846"}],"version-history":[{"count":0,"href":"https:\/\/garofitakozmetika.hu\/ro\/wp-json\/wp\/v2\/product\/6846\/revisions"}],"wp:featuredmedia":[{"embeddable":true,"href":"https:\/\/garofitakozmetika.hu\/ro\/wp-json\/wp\/v2\/media\/6398"}],"wp:attachment":[{"href":"https:\/\/garofitakozmetika.hu\/ro\/wp-json\/wp\/v2\/media?parent=6846"}],"wp:term":[{"taxonomy":"pwb-brand","embeddable":true,"href":"https:\/\/garofitakozmetika.hu\/ro\/wp-json\/wp\/v2\/pwb-brand?post=6846"},{"taxonomy":"product_brand","embeddable":true,"href":"https:\/\/garofitakozmetika.hu\/ro\/wp-json\/wp\/v2\/product_brand?post=6846"},{"taxonomy":"product_cat","embeddable":true,"href":"https:\/\/garofitakozmetika.hu\/ro\/wp-json\/wp\/v2\/product_cat?post=6846"},{"taxonomy":"product_tag","embeddable":true,"href":"https:\/\/garofitakozmetika.hu\/ro\/wp-json\/wp\/v2\/product_tag?post=6846"}],"curies":[{"name":"wp","href":"https:\/\/api.w.org\/{rel}","templated":true}]}}

Lifting Face Cream &#8211; Intenzív feszesítő krém arcra, nyakra, dekoltázsra

<div class="details__short pbn ptxs spts mv0">
<div>Exkluzív intenzív lifting krém érett bőrre. Megfeszíti, megemeli az arc ovális részét, kisimítja és hidratálja a bőrt.</div>
<div></div>
