{"id":6889,"date":"2024-09-25T10:23:00","date_gmt":"2024-09-25T10:23:00","guid":{"rendered":"https:\/\/larenspartner.ro\/product\/korrektor-ecset\/"},"modified":"2024-09-25T10:23:01","modified_gmt":"2024-09-25T10:23:01","slug":"korrektor-ecset","status":"publish","type":"product","link":"https:\/\/garofitakozmetika.hu\/ro\/product\/korrektor-ecset\/","title":{"rendered":"Korrektor ecset"},"content":{"rendered":"","protected":false},"excerpt":{"rendered":"<div class=\"details__short pbn ptxs spts mv0\">\n<div>Korrektor ecset. Prec\u00edzi\u00f3s ecset szil\u00e1rdan t\u00f6m\u00f6r\u00edtett szintetikus s\u00f6rt\u00e9kkel. A fej m\u00e9rete \u00e9s a s\u00f6rt\u00e9k rugalmass\u00e1ga ide\u00e1lis a korrektor felvitel\u00e9hez, \u00e9s a t\u00f6k\u00e9letlens\u00e9gek retus\u00e1l\u00e1s\u00e1hoz. A s\u00f6rt\u00e9k optim\u00e1lis kialak\u00edt\u00e1sa alkalmas ajak sminkel\u00e9shez vagy elv\u00e1laszt\u00e1sok modellez\u00e9s\u00e9hez is.<\/div>\n<div><\/div>\n<div><\/div>\n<div><\/div>\n<div><\/div>\n<div><\/div>\n<div><\/div>","protected":false},"featured_media":6618,"comment_status":"open","ping_status":"closed","template":"","meta":[],"pwb-brand":[191],"product_brand":[],"product_cat":[193],"product_tag":[189,195,194],"class_list":{"0":"post-6889","1":"product","2":"type-product","3":"status-publish","4":"has-post-thumbnail","6":"pwb-brand-larens-colour","7":"product_cat-smink-ecsetek","8":"product_tag-make-up-larens-colour","9":"product_tag-smink-ecsetek","10":"product_tag-smink-kiegeszitok","13":"instock","14":"shipping-taxable","15":"purchasable","16":"product-type-simple","17":"product-grid-view"},"brands":[{"id":191,"name":"Larens Colour","slug":"larens-colour"}],"_links":{"self":[{"href":"https:\/\/garofitakozmetika.hu\/ro\/wp-json\/wp\/v2\/product\/6889","targetHints":{"allow":["GET"]}}],"collection":[{"href":"https:\/\/garofitakozmetika.hu\/ro\/wp-json\/wp\/v2\/product"}],"about":[{"href":"https:\/\/garofitakozmetika.hu\/ro\/wp-json\/wp\/v2\/types\/product"}],"replies":[{"embeddable":true,"href":"https:\/\/garofitakozmetika.hu\/ro\/wp-json\/wp\/v2\/comments?post=6889"}],"version-history":[{"count":0,"href":"https:\/\/garofitakozmetika.hu\/ro\/wp-json\/wp\/v2\/product\/6889\/revisions"}],"wp:featuredmedia":[{"embeddable":true,"href":"https:\/\/garofitakozmetika.hu\/ro\/wp-json\/wp\/v2\/media\/6618"}],"wp:attachment":[{"href":"https:\/\/garofitakozmetika.hu\/ro\/wp-json\/wp\/v2\/media?parent=6889"}],"wp:term":[{"taxonomy":"pwb-brand","embeddable":true,"href":"https:\/\/garofitakozmetika.hu\/ro\/wp-json\/wp\/v2\/pwb-brand?post=6889"},{"taxonomy":"product_brand","embeddable":true,"href":"https:\/\/garofitakozmetika.hu\/ro\/wp-json\/wp\/v2\/product_brand?post=6889"},{"taxonomy":"product_cat","embeddable":true,"href":"https:\/\/garofitakozmetika.hu\/ro\/wp-json\/wp\/v2\/product_cat?post=6889"},{"taxonomy":"product_tag","embeddable":true,"href":"https:\/\/garofitakozmetika.hu\/ro\/wp-json\/wp\/v2\/product_tag?post=6889"}],"curies":[{"name":"wp","href":"https:\/\/api.w.org\/{rel}","templated":true}]}}

<div class="details__short pbn ptxs spts mv0">
<div>Korrektor ecset. Precíziós ecset szilárdan tömörített szintetikus sörtékkel. A fej mérete és a sörték rugalmassága ideális a korrektor felviteléhez, és a tökéletlenségek retusálásához. A sörték optimális kialakítása alkalmas ajak sminkeléshez vagy elválasztások modellezéséhez is.</div>
<div></div>
<div></div>
<div></div>
<div></div>
<div></div>
<div></div>
